{"id":84,"date":"2009-02-10T22:18:45","date_gmt":"2009-02-10T20:18:45","guid":{"rendered":"http:\/\/www.torrevado.org\/?page_id=84"},"modified":"2015-02-03T19:48:27","modified_gmt":"2015-02-03T17:48:27","slug":"salento","status":"publish","type":"page","link":"https:\/\/www.torrevado.org\/index.php\/salento","title":{"rendered":"Salento"},"content":{"rendered":"<p>Da Torre Vado, una volta arrivati in Salento, ci si pu\u00f2 spostare alla scoperta dei centri pi\u00f9 vicini. Quando si arriva in un posto, \u00e8 naturale voler conoscere e vedere tutto quello che un territorio pu\u00f2 offrire: arte, cultura, bellezze naturali, musei, palazzi e ricchezze archeologiche.<\/p>\n<p>Arrivati nel <a href=\"https:\/\/www.torrevado.info\" target=\"_blank\">Salento<\/a>, bisogna avere la consapevolezza che si tratta di una terra ricchissima di testimonianze artistiche, archeologiche e naturalistiche veramente uniche che sarebbe impossibile pensare di poterle vedere in pochissimo tempo.<\/p>\n<figure id=\"attachment_59\" aria-describedby=\"caption-attachment-59\" style=\"width: 300px\" class=\"wp-caption alignleft\"><a href=\"https:\/\/www.torrevado.org\/wp-content\/uploads\/2008\/09\/spiaggia-torrevado.jpg\"><img loading=\"lazy\" decoding=\"async\" class=\"size-medium wp-image-59\" title=\"spiaggia-torrevado\" src=\"https:\/\/www.torrevado.org\/wp-content\/uploads\/2008\/09\/spiaggia-torrevado-300x199.jpg\" alt=\"Lido Torre Vado\" width=\"300\" height=\"199\" srcset=\"https:\/\/www.torrevado.org\/wp-content\/uploads\/2008\/09\/spiaggia-torrevado-300x199.jpg 300w, https:\/\/www.torrevado.org\/wp-content\/uploads\/2008\/09\/spiaggia-torrevado.jpg 550w\" sizes=\"auto, (max-width: 300px) 100vw, 300px\" \/><\/a><figcaption id=\"caption-attachment-59\" class=\"wp-caption-text\">Lido Torre Vado<\/figcaption><\/figure>\n<p>Se pensate che un viaggio, possa diventare anche un\u2019occasione di crescita e maturazione, il SALENTO \u00e8 il Vostro posto ideale, dove costruirvi la vostra vacanza in modo creativo prediligendo gli aspetti che pi\u00f9 si avvicinano al Vs. carattere.<\/p>\n<p>Gli amanti della natura cercheranno gli itinerari naturalistici attraverso diversi percorsi in trekking o semplici passeggiate. Sono diversi i parchi e le riserve naturali nel Salento: il Parco dell\u2019Isola di Sant\u2019Andrea e Litorale di Punta Pizzo a Gallipoli, il parco della Palude e bosco di Rauccio e Sorgenti Idume, il Parco di Porto Selvaggio e Torre Uluzzo, Il Parco Costa Otranto &#8211; Santa Maria di Leuca e Bosco di Tricase, l\u2019Oasi WWF come quella della Cesine o le bellezze di una natura mozzafiato come le VORE DI BARBARANO DEL CAPO.<\/p>\n<p>Gli amanti dell\u2019archeologia potranno visitare le zone archeologiche di Lecce, di Alezio, di Vaste, di Ugento, dell\u2019antica citt\u00e0 di VERETUM nel Capo di Leuca, i frantoi ipogei di Presicce, gli antichi granai messapici quasi integri di Morciano di Leuca.<\/p>\n<p>Gli amanti delle tradizioni popolari potranno inebriarsi di <a href=\"http:\/\/www.pizzica,info\" target=\"_blank\">pizzica pizzica<\/a>, l\u2019antico ballo rituale salentino che affonda le sue radici in epoche antichissime.\u00a0 La tarantola pizzica una volta e lascia dentro un\u2019inquietudine che si pu\u00f2 superare solo attraverso il ballo e rispondendo con il corpo al ritmo incessante del tamburello.<\/p>\n<p>Questa era ieri la pizzica, oggi questa danza, rivalutata e rivissuta in diverse forme, costituisce un\u2019attrattiva importante per il turismo del Salento: LA NOTTE DELLA TARANTA, l\u2019evento internazionale che si svolge da oltre dieci anni nell\u2019entroterra salentino, ha portato il ballo e la cultura della pizzica pizzica oltre i confini dell\u2019Italia aprendo le porte a mercati internazionali. Per chi vuole vivere in modo pi\u00f9 autentico l\u2019aspetto pi\u00f9 vero di questa cultura popolare salentina, allora la NOTTE DI SAN ROCCO a Torre PADULI (il 16 agosto di ogni anno) \u00e8 il posto giusto.<\/p>\n<figure id=\"attachment_48\" aria-describedby=\"caption-attachment-48\" style=\"width: 300px\" class=\"wp-caption alignleft\"><a href=\"https:\/\/www.torrevado.org\/wp-content\/uploads\/2008\/09\/leuca.jpg\"><img loading=\"lazy\" decoding=\"async\" class=\"size-medium wp-image-48\" title=\"leuca\" src=\"https:\/\/www.torrevado.org\/wp-content\/uploads\/2008\/09\/leuca-300x225.jpg\" alt=\"Santa Maria di leuca\" width=\"300\" height=\"225\" srcset=\"https:\/\/www.torrevado.org\/wp-content\/uploads\/2008\/09\/leuca-300x225.jpg 300w, https:\/\/www.torrevado.org\/wp-content\/uploads\/2008\/09\/leuca.jpg 400w\" sizes=\"auto, (max-width: 300px) 100vw, 300px\" \/><\/a><figcaption id=\"caption-attachment-48\" class=\"wp-caption-text\">Santa Maria di leuca<\/figcaption><\/figure>\n<p>Per coloro che di una vacanza prediligono anche l\u2019aspetto culinario, la cucina salentina \u00e8 il risultato combinato degli usi e costumi importati dalle diverse dominazioni che si sono susseguite nel corso dei secoli.<\/p>\n<p>Una cucina semplice e genuina quella salentina, che predilige l\u2019olio di oliva, la pasta fatta in casa, i legumi secchi, le verdure, i peperoni, il pesce fresco, i frutti di mare.<\/p>\n<p>Moltissime le ricette locali che ogni paese del Salento ha perfezionato secondo i propri gusti e le proprie usanze. Grande variet\u00e0 di formaggi e latticini, grandissima la scelta di marmellate e dolci tradizionali che ormai si possono trovare in tutti i periodi dell\u2019anno.<\/p>\n<p>Poi ci sono le citt\u00e0 d\u2019arte come Lecce, la Firenze del Sud con i suoi gioielli del Barocco; Otranto la porta per l\u2019Oriente; Galatina e le sue Chiese.\u00a0 Infine, essendo circondato dal mare, il Salento offre una variet\u00e0 di costa e di fondale marino da accontentare proprio tutti. Il capo di Santa Maria di Leuca \u00e8 caratterizzato da una costa altissima con scenari mozzafiato che lasciano spazio a formazioni carsiche veramente belle: le Grotte di Leuca ne sono la testimonianza pi\u00f9 efficace (la Grotta delle Tre Porte, Del Diavolo ecc).\u00a0 Da qui, risalendo verso il Mare Adriatico si trova localit\u00e0 CIOLO (nelle giornate particolarmente limpide si possono vedere chiaramente i monti dell\u2019Albania e l\u2019Isola di Corf\u00f9 in Grecia), NOVAGLIE, MARINA DI TRICASE, CASTRO, SANTA CESAREA TERME, OTRANTO. Dal capo di Santa Maria di Leuca in direzione Torre Vado e Gallipoli, si trovano le spiagge pi\u00f9 belle della <a href=\"https:\/\/www.puglia.info\" target=\"_blank\">Puglia<\/a>: Pescoluse, le maldive del Salento, Torre Pali, Torre Mozza, Lido Marini, Punta Pizzo a Gallipoli.<\/p>\n","protected":false},"excerpt":{"rendered":"<p>Da Torre Vado, una volta arrivati in Salento, ci si pu\u00f2 spostare alla scoperta dei centri pi\u00f9 vicini. Quando si arriva in un posto, \u00e8 naturale voler conoscere e vedere tutto quello che un territorio pu\u00f2 offrire: arte, cultura, bellezze naturali, musei, palazzi e ricchezze archeologiche. Arrivati nel Salento, bisogna avere la consapevolezza che si &hellip; <a href=\"https:\/\/www.torrevado.org\/index.php\/salento\" class=\"more-link\">Continua a leggere <span class=\"screen-reader-text\">Salento<\/span><\/a><\/p>\n","protected":false},"author":2,"featured_media":0,"parent":0,"menu_order":0,"comment_status":"closed","ping_status":"closed","template":"","meta":{"footnotes":""},"class_list":["post-84","page","type-page","status-publish","hentry"],"aioseo_notices":[],"_links":{"self":[{"href":"https:\/\/www.torrevado.org\/index.php\/wp-json\/wp\/v2\/pages\/84","targetHints":{"allow":["GET"]}}],"collection":[{"href":"https:\/\/www.torrevado.org\/index.php\/wp-json\/wp\/v2\/pages"}],"about":[{"href":"https:\/\/www.torrevado.org\/index.php\/wp-json\/wp\/v2\/types\/page"}],"author":[{"embeddable":true,"href":"https:\/\/www.torrevado.org\/index.php\/wp-json\/wp\/v2\/users\/2"}],"replies":[{"embeddable":true,"href":"https:\/\/www.torrevado.org\/index.php\/wp-json\/wp\/v2\/comments?post=84"}],"version-history":[{"count":4,"href":"https:\/\/www.torrevado.org\/index.php\/wp-json\/wp\/v2\/pages\/84\/revisions"}],"predecessor-version":[{"id":396,"href":"https:\/\/www.torrevado.org\/index.php\/wp-json\/wp\/v2\/pages\/84\/revisions\/396"}],"wp:attachment":[{"href":"https:\/\/www.torrevado.org\/index.php\/wp-json\/wp\/v2\/media?parent=84"}],"curies":[{"name":"wp","href":"https:\/\/api.w.org\/{rel}","templated":true}]}}